e j(-10). Calculate the highest common factor of 13 and q.
13
Let m(v) = -v**2 - 5*v - 9. Let r be m(-6). Let n = r + 24. What is the highest common factor of 72 and n?
9
Let w = -18 - -25. Let y = 40 + -33. What is the greatest common divisor of w and y?
7
Suppose 0 = d - 4, 5*d - 48 = -2*q - 2*q. Calculate the highest common factor of q and 35.
7
Suppose p = 4*a - a - 43, a - 33 = 5*p. Calculate the greatest common factor of 52 and a.
13
Let s(t) = 7 + 11*t - t**2 - 7. Let i be s(6). Calculate the highest common divisor of 75 and i.
15
Let p = -7 + 0. Let d = p - -13. What is the highest common divisor of 24 and d?
6
Let w = 24 + -18. Suppose 2*y = -2*y - 3*h + 33, -4*y + 36 = 4*h. Let g be (-47)/(-2) - (-3)/y. Calculate the greatest common divisor of g and w.
6
Let x(i) = 2*i - 2. Let k be x(2). Suppose -4*g = -k*t - 7*g, 3*t = -2*g + 10. What is the greatest common divisor of t and 54?
6
Let a(b) = -b**2 + 4*b + 5. Let v be a(4). Suppose -v = 5*j, 5*x - 2*j - 46 = 51. What is the greatest common factor of x and 19?
19
Let c be (-5)/2*(-13 + 1). Suppose -4*s + 39 + 1 = 0. What is the highest common divisor of c and s?
10
Let o(d) = 10*d - 45. Let p be o(17). What is the greatest common divisor of p and 50?
25
Let k = 10 + 8. What is the highest common factor of k and 198?
18
Let y be (-58)/6 + (-2)/6. Let m = y + 1. Let j = m + 16. What is the highest common factor of j and 1?
1
Let h = -191 + 290. Calculate the highest common divisor of 66 and h.
33
Suppose 1 = g - 8. Calculate the greatest common factor of 36 and g.
9
Let t be (-6)/(-4) + (-12)/8. Suppose 2*o + 16 = -4*c, t*o + c + 4 = -o. Suppose -3*b - b + 572 = o. What is the highest common factor of 13 and b?
13
Suppose 4*y = 2*f + 180 - 12, f + 124 = 3*y. Let h = y + 20. Calculate the highest common factor of 24 and h.
12
Suppose z = -3*z, 0 = -3*w - 5*z + 39. Suppose -2*j - 52 = -3*j. Calculate the greatest common divisor of w and j.
13
Let g be 4/2 + (-1)/1. Let c(h) = -3*h**2 + h. Let i be c(g). Let d(p) = -3*p + 2. Let a be d(i). Calculate the highest common factor of a and 72.
8
Let l be (-93)/9*(1 + -4). Let r = l - -23. Calculate the highest common divisor of 18 and r.
18
Suppose -4*p = -62 - 478. Let k = -10 - -14. Let z be 13/1 + k/2. Calculate the greatest common factor of z and p.
15
Suppose z + 2*z + 4*l - 13 = 0, -40 = -5*z - 3*l. Suppose 9*a = 2 + 7. Calculate the highest common divisor of z and a.
1
Let g = 6 - 4. Let b be g/(-7) + 57/(-21). Let j be (-6)/(-2) - b*4. Calculate the greatest common factor of j and 165.
15
Let d(s) = 3*s - 2. Let p be d(-2). Let h be (p/(-3))/(2/9). What is the greatest common divisor of h and 36?
12
Suppose 3*y - 4 = 8. Let o = y + -1. Suppose k = -4*i + 4*k + 57, 45 = 3*i - o*k. Calculate the highest common divisor of 96 and i.
12
Let g(h) = 3*h**2 + h + 1. Let s be g(-1). Suppose -4*r = -s*r. Suppose 1 = -p + 2, r = -5*a - 5*p + 20. Calculate the greatest common factor of a and 1.
1
Let s = 26 - 20. What is the greatest common divisor of 6 and s?
6
Let o(x) = x**3 - 9*x**2. Let k be (3 + -4)/(1/(-9)). Let f be o(k). Suppose p - 3 = -f*p, -2*z = -2*p - 4. What is the highest common divisor of 45 and z?
5
Suppose r = 5*o + 26, -3*r = 2*r + 2*o - 184. What is the greatest common factor of 252 and r?
36
Let j = 28 - -28. What is the greatest common divisor of 7 and j?
7
Let l(n) = 279*n. Let s be l(1). Suppose -h - 62 = -2*u, -2*u = 2*u - 4*h - 124. Calculate the highest common factor of s and u.
31
Let x be (-24)/(-5 + (-8)/(-2)). What is the greatest common factor of x and 96?
24
Suppose -2*o - 5*k = 4, k = -4*o - k + 8. Let l = o + 1. Let j be (4 - l) + (-1 - -46). What is the greatest common divisor of 5 and j?
5
Suppose -3*x - 30 = -3*y, -4*y - 2*x + 3*x + 40 = 0. What is the highest common factor of y and 110?
10
Let o(d) = 6*d**2 + 5*d - 4. Let l be o(-3). What is the greatest common divisor of l and 175?
35
Suppose 3*v + 14 = 17. Calculate the highest common factor of v and 3.
1
Let p be 28/4 + -4 + 0. Suppose 0 = -p*i + 6*i - 156. Calculate the highest common factor of 13 and i.
13
Let f be 84/(-22) - 4/22. Let j be ((-1)/2)/(f/240). What is the greatest common divisor of j and 10?
10
Let b = 28 + -16. What is the greatest common divisor of b and 4?
4
Suppose 459 - 123 = 3*z. Let c = -53 - -67. Calculate the highest common divisor of z and c.
14
Suppose 0 + 12 = 3*x. Suppose q = -q + x. What is the highest common divisor of 2 and q?
2
Let y(p) = 2*p - 20. Let z be y(16). What is the greatest common divisor of 24 and z?
12
Let o = -37 - -77. Suppose -3*h = 2*h. Suppose 3*g + 2 - 26 = h. Calculate the highest common factor of g and o.
8
Let r be (-892)/(-60) - 4/(-30). Suppose 2*m = 6*m + 320. Let b = -5 - m. What is the highest common factor of b and r?
15
Let g(l) = -l + 2. Let j be g(2). Suppose 0 = -5*s + 8 + 2. Suppose -s*b - 1 = -p + 4, -3*b = j. Calculate the highest common factor of 40 and p.
5
Let u(m) = m**3 + 11*m**2 - 17*m - 18. Let o be u(-12). Calculate the highest common factor of 21 and o.
21
Let l(v) = v**2 + v + 36. Let u be l(0). Suppose 4*o + 5*j - 38 = 0, -5*o - j + 2*j = -33. Let p = o + 11. Calculate the greatest common divisor of p and u.
18
Suppose 0 = h - 5*w - 57 - 10, 49 = h + w. Calculate the highest common divisor of 13 and h.
13
Let n(h) = h + 4*h**2 + 5*h**2 + 0*h - 4*h - 2. Suppose -g - 4 + 1 = 0. Let w be n(g). Calculate the greatest common factor of 11 and w.
11
Suppose -119 = -6*o + 151. What is the greatest common divisor of o and 9?
9
Let o(z) = 3*z**3 + z**2 + z - 2. Let a be o(-2). Let f be 6/a - (-482)/8. Suppose 0 = -5*s + 69 - 9. What is the highest common divisor of f and s?
12
Let z = 10 - 1. Let u = z + -8. Calculate the greatest common divisor of 7 and u.
1
Let j = -33 + 49. Calculate the highest common divisor of 64 and j.
16
Let a = 13 + 7. What is the highest common factor of 30 and a?
10
Let z be 56/(-6)*(-18)/(-21)*-3. Calculate the highest common factor of z and 36.
12
Let s be ((-27)/(-12))/(6/16). What is the highest common factor of 18 and s?
6
Suppose 0 = 3*s - 9 - 21. Suppose -2*q - s = -7*q. Let y be (11/q)/((-4)/(-40)). Calculate the greatest common factor of y and 11.
11
Suppose -4*x = -0*x + 5*j - 110, 42 = 2*x - 4*j. What is the greatest common divisor of 225 and x?
25
Let w = -15 - -67. Suppose 5*c - w = 3. Calculate the greatest common factor of 55 and c.
11
Let f = -4 - -4. Let y = f + 1. Let b = 6 + -4. Calculate the greatest common divisor of b and y.
1
Let z(r) = -7*r + 2 + 5*r**2 - r + 1. Let p be z(6). Suppose 2*h - p = 89. Calculate the greatest common factor of 14 and h.
14
Let j be ((-297)/(-55))/(6/20). What is the greatest common factor of 18 and j?
18
Let p be 1 + 2*(3 + -2). Let m = 23 + -40. Let x = p - m. What is the highest common divisor of 8 and x?
4
Suppose 28 = 3*l + l. Let c(g) = 2*g + 3. Let v(u) = -2*u - 3. Let i(p) = -2*c(p) - 3*v(p). Let s be i(l). Calculate the greatest common divisor of s and 136.
17
Let t be ((-7)/14)/((-2)/(-4)). Let o be -4 + 77 + t + 0. What is the highest common divisor of 8 and o?
8
Suppose 3 + 9 = -4*p, -3*w = -4*p - 144. What is the greatest common factor of 4 and w?
4
Suppose -2*z + 3*z - 48 = 0. Let p = z - 30. What is the greatest common factor of p and 6?
6
Let k(t) = t**2 - 5*t + 2. Suppose -6 = 5*h - 31. Let r be k(h). Let u be 1*(-11)/(-2)*r. Calculate the greatest common divisor of 1 and u.
1
Suppose 5*l - 560 = v, -2*v - v = l - 112. What is the greatest common divisor of l and 8?
8
Let w = -11 - -21. Let j(x) = 1. Let y(z) = -4*z + 26. Let u(f) = 44*j(f) - 2*y(f). Let n be u(6). What is the highest common divisor of n and w?
10
Let a = 42 + 3. Suppose 0 = 2*i - v - a, -v = 5*i - 3*v - 112. Let l be (-167)/(-3) - 4/6. Calculate the highest common divisor of i and l.
11
Let a = -29 + -28. Let u = -37 - a. Calculate the highest common factor of 30 and u.
10
Let k(f) be the third derivative of f**4/12 + f**3/6 - 2*f**2. Let x be k(-1). Let o be ((-3)/5)/(x/5). What is the highest common divisor of o and 33?
3
Let i = 60 + -29. Calculate the highest common factor of i and 31.
31
Let a(d) = -d**2 + d + 4. Let z be a(0). Let r = -68 + 104. Calculate the greatest common divisor of r and z.
4
Let q = -12 + 12. S